by x(-3)?
5
Let u(i) = -i**2 - 15*i + 325. Calculate the remainder when 58 is divided by u(11).
19
Let m = -2987 + 3112. What is the remainder when 1249 is divided by m?
124
Suppose 5*a - 32 + 2 = 0. What is the remainder when a is divided by 3?
0
Let c = 102 - 7. Let i = -51 + c. What is the remainder when i is divided by 9?
8
Let n(j) = j**2 + j - 16. Suppose 0 = -4*i + 5*i - 3. Suppose -16 = -i*a + a. What is the remainder when n(-6) is divided by a?
6
Suppose 5*d - r - 82 = -13, 5*r = -4*d + 61. Let c(m) = 115*m - 114*m + 3 + 4. Calculate the remainder when c(17) is divided by d.
10
Calculate the remainder when 21/28 - (-4008)/32 is divided by 32.
30
Suppose 0 = -4*y + 3*c, 0 = -4*y - 5*c - 38 + 70. Let n(w) be the first derivative of w**2/2 - w + 1. What is the remainder when 6 is divided by n(y)?
0
Let f(i) = 6*i**2 - 6*i + 9. Let y = -8 + 4. Let a be -6*3/24*y. Calculate the remainder when f(a) is divided by 16.
13
Suppose -4*s - 2*p + 14 = 0, 4*s - 4*p + 0*p - 44 = 0. What is the remainder when 39 is divided by s?
3
Suppose -g - k + 3*k + 740 = 0, 5*k = 4*g - 2957. Suppose 4*q = -2*q + g. Calculate the remainder when q is divided by 14.
11
Suppose 2*g + 1 = 3. Calculate the remainder when 81 is divided by (-3 + (1 - -30))*g.
25
Suppose 78 = 4*t - 5*j, -11*t + j - 32 = -13*t. Calculate the remainder when 117 is divided by t.
15
Let z = 439 + -312. What is the remainder when z is divided by 26?
23
Let n(b) = -4*b**3 + 2*b**2 + 4*b + 1. What is the remainder when n(-3) is divided by 29?
28
Suppose 2 = 3*a - 52. Suppose h + 2 - 8 = 0. Suppose k = h*k - 155. Calculate the remainder when k is divided by a.
13
Calculate the remainder when 57 is divided by (-48)/72*(-207)/6.
11
Let w(f) = f**2 - f - 11. Let l be w(-6). Suppose l*q + 80 = 35*q. What is the remainder when 37 is divided by -39*(q/(-6) - -3)?
11
Calculate the remainder when 124 is divided by (-11 - (5 + (4 - 6)))/(-1).
12
Suppose 0*v = -4*v + 28. Suppose 6*m + 13 = v*m. Calculate the remainder when 38 is divided by m.
12
Suppose 0 = -4*d - 4*b + 228, 0 = 5*d - b - 166 - 143. Let t be (-33)/(-22)*28/6. Suppose -6*k + 103 - t = 0. What is the remainder when d is divided by k?
13
Let j = -21 - -23. Suppose -19 = -j*v - 15. Calculate the remainder when (-2)/8 - (-45)/4 is divided by v.
1
Let j = 7 - 2. Suppose 0 = j*k - k + q - 13, 4*k - 16 = -4*q. Let b = -33 - -36. Calculate the remainder when k is divided by b.
0
Let v(j) = -j**2 - 8*j + 12. Let z be 3 - 36/((-12)/(-4)). Let w be v(z). Suppose -w*q + 40 = -q. Calculate the remainder when 57 is divided by q.
17
Let l(s) = -25*s + 76. Let o(z) = -17*z + 51. Let m(a) = -5*l(a) + 7*o(a). Calculate the remainder when 75 is divided by m(6).
10
Let o(w) = 142*w + 32. What is the remainder when o(2) is divided by 23?
17
Let l = 1470 + -1356. Calculate the remainder when l is divided by 62.
52
Suppose 512 - 2932 = -10*z. Calculate the remainder when z is divided by 31.
25
Suppose -46*h = -40*h - 18. What is the remainder when ((-10)/8)/(2/(-24)) is divided by h?
0
Let a(z) = -145*z - 648. Calculate the remainder when a(-6) is divided by 12.
6
Let d(v) = 2*v**2 + 3*v + 1. Let k(j) = 2*j - 34. Let w be k(18). What is the remainder when d(5) is divided by ((1 - w) + 1)/(-1) - -17?
15
Suppose 6*s - 96 = 3*s. Let y = s - 26. Suppose -o = -y*o + 2*w + 74, 4*o = 2*w + 58. What is the remainder when 63 is divided by o?
15
Let j be (3 + 2)*(-3)/(-3 - 0). Suppose 11*x - 312 = j*x. What is the remainder when 203 is divided by x?
47
Let i be (153/68)/((-1)/(-20)). Let p = i + -30. What is the remainder when 88 is divided by p?
13
Suppose 0 = y - 3 - 3. Suppose b + y*r = 2*r + 5, 0 = -3*b - r - 18. Let s = b - -12. What is the remainder when 7 is divided by s?
2
Let h = 52 + -52. Suppose 0 = 5*o - 5*y - 55, o = -h*y - 2*y + 17. What is the remainder when 25 is divided by o?
12
Let a(l) = 11*l**2 - 88*l + 19. What is the remainder when a(11) is divided by 48?
46
Let w(g) = -13*g - 22. Let q(x) = -11*x - 23. Let u(f) = -6*q(f) + 5*w(f). Suppose -42 = -4*y + 70. Calculate the remainder when y is divided by u(-22).
4
Let t(q) = q**3 + 7*q**2 + 3*q - 8. Let f be t(-6). Suppose 0 = f*g - 4*g + 186. Let v = -18 - g. Calculate the remainder when 51 is divided by v.
12
Let m = 45 - 95. What is the remainder when 37 is divided by 3*(m/(-3))/5?
7
Suppose -5*f - 2*p + 10236 = 0, -3*f + 3*p = -8739 + 2589. What is the remainder when f is divided by 41?
39
Suppose -3*f + 3*z + 2*z = -178, -2*z = -5*f + 284. Calculate the remainder when 1343 is divided by f.
55
Let k(g) = -g**2 + 4*g - 8. Let r be k(4). What is the remainder when 107 is divided by (r - -2)/((-29)/(-8) - 4)?
11
Calculate the remainder when (-3)/(240/(-1696))*10/2 is divided by 63.
43
Suppose -4020 = -5*q - 3*z, -3*q - 7*z + 2412 = -4*z. What is the remainder when q is divided by 27?
21
Let b(y) = 3*y**2 + 8*y - 30. What is the remainder when b(7) is divided by 29?
28
What is the remainder when ((-3799)/(-87))/(1/(-1 - -4)) is divided by 46?
39
Suppose -n = 6*v - 3*n - 20, 0 = -5*v + n + 18. Calculate the remainder when 4 is divided by v.
0
Suppose 242 = -5*s + 42. Let r = s + 52. Calculate the remainder when 31 is divided by r.
7
Let r = -187 - -100. Suppose -3*a = 76 + 92. Let z = a - r. Calculate the remainder when 92 is divided by z.
30
What is the remainder when 33*2 + (-5)/(-5) + 1 is divided by 14?
12
Suppose 3*h - 16 = 4*p + 7, 5*h = -p. Calculate the remainder when h/(-3) - 2296/(-21) is divided by 28.
25
Suppose 0*n - 26 = -2*n. Calculate the remainder when 536/24 + (-4)/(-6) + 0 is divided by n.
10
Suppose 5*y - 71*q - 76 = -75*q, 0 = -3*y + q + 32. Let t be (-10)/14 - 4/14. What is the remainder when t/3 - (-638)/6 is divided by y?
10
Suppose -76 = -12*v - 16. Let g(o) be the third derivative of -o**5/60 - o**4/3 + 5*o**3/3 + 2*o**2. What is the remainder when g(-7) is divided by v?
2
Let r(n) = n**3 - 5*n**2 - 8*n + 3. Let h be r(6). Calculate the remainder when -2 + 748/12 - 6/h is divided by 7.
5
Let j(t) = -t**2 - 4*t + 3. Let b = -8 + 4. Let u be j(b). Suppose 0 = -u*z + 18 + 27. What is the remainder when 59 is divided by z?
14
Let y(r) be the second derivative of r**4/12 - 11*r**3/6 + 6*r**2 + 7*r. Let h be y(8). Let v = -10 - h. What is the remainder when 6 is divided by v?
0
Let o(w) = 2*w**2 + 15*w - 32. What is the remainder when 11 is divided by o(2)?
5
Suppose -5*q - a + 44 = 0, -q - 3*q = -5*a - 12. Suppose 6*u = 4*u + q. Let b(i) = 2*i**2 + 5*i - 9. What is the remainder when b(u) is divided by 23?
20
Let w be 0/(6/(-1) - -5). Suppose -i = w, 5*r - 116 = 5*i - 6. What is the remainder when 40 is divided by r?
18
Suppose -3*i - 2*i + 8 = 2*v, 5*v + 9 = 2*i. What is the remainder when 152 is divided by 36/8*4 + v?
16
Suppose -7*n + 12*n = 2*x - 1681, -x + 841 = -3*n. Calculate the remainder when x is divided by 35.
33
Let j = 62 - 48. Suppose 5*x + j - 74 = 0. What is the remainder when 29 is divided by x?
5
Suppose 4*m - 5*u - 170 - 366 = 0, 2*m + 2*u - 286 = 0. Calculate the remainder when m is divided by 36.
31
Suppose 5*p + y - 94 = 0, 4*p + 0*p + 5*y = 92. Calculate the remainder when 503 is divided by p.
17
Suppose 308 = j + 13. Calculate the remainder when j is divided by 51.
40
Calculate the remainder when 55 is divided by -2 + (-6)/((-12)/34) + -2.
3
Let z = 1613 - 1563. What is the remainder when 229 is divided by z?
29
Suppose 2*k - 24 = 5*k. Let g be k/(-52) - (-479)/13. Suppose -x + g + 183 = 5*l, -4*l - 5*x + 176 = 0. What is the remainder when l is divided by 15?
14
Let j = -2 + 18. Suppose 383*w + 16 = 387*w. What is the remainder when j is divided by w?
0
Let j be -2 + 8/(-4)*-4. Suppose 0 = j*w - 3*w - 63. Calculate the remainder when (-4)/(-14) - (-2451)/w is divided by 30.
27
Suppose -p = -2*g - 6, 4*p + 2*g + 6 + 0 = 0. Calculate the remainder when 5 is divided by (-4)/(-8)*(p + 2).
0
Let k be 2 - ((-140)/50 - 8/(-10)). Let o(h) = -h**3 + 4*h**2 + 3*h + 3. Calculate the remainder when 55 is divided by o(k).
10
Let q = -275 + 318. Let x = -8 - -30. What is the remainder when q is divided by x?
21
Suppose 0 = 3*r + 4*c - 4, -12*c + 37 = 4*r - 13*c. Calculate the remainder when 37 is divided by r.
5
Suppose -g + 8*l + 25 = 7*l, -35 = -3*g - 5*l. What is th